{"id":94,"date":"2025-12-29T16:12:12","date_gmt":"2025-12-29T19:12:12","guid":{"rendered":"https:\/\/lp.oregoninvest.com.br\/cpt\/?page_id=94"},"modified":"2026-03-10T12:12:49","modified_gmt":"2026-03-10T15:12:49","slug":"planoderevisao","status":"publish","type":"page","link":"https:\/\/lp.oregoninvest.com.br\/cpt\/planoderevisao\/","title":{"rendered":"Plano de Revis\u00e3o v2"},"content":{"rendered":"\t\t<div data-elementor-type=\"wp-page\" data-elementor-id=\"94\" class=\"elementor elementor-94\" data-elementor-post-type=\"page\">\n\t\t\t\t<div class=\"elementor-element elementor-element-fd24aba e-flex e-con-boxed e-con e-parent\" data-id=\"fd24aba\" data-element_type=\"container\" data-e-type=\"container\" data-settings=\"{&quot;background_background&quot;:&quot;classic&quot;}\">\n\t\t\t\t\t<div class=\"e-con-inner\">\n\t\t<div class=\"elementor-element elementor-element-7f91798b e-con-full e-flex e-con e-child\" data-id=\"7f91798b\" data-element_type=\"container\" data-e-type=\"container\">\n\t\t<div class=\"elementor-element elementor-element-8c2d263 e-con-full e-flex e-con e-child\" data-id=\"8c2d263\" data-element_type=\"container\" data-e-type=\"container\">\n\t\t<div class=\"elementor-element elementor-element-1e0eadb e-con-full e-flex e-con e-child\" data-id=\"1e0eadb\" data-element_type=\"container\" data-e-type=\"container\">\n\t\t\t\t<div class=\"elementor-element elementor-element-2fff8920 elementor-widget elementor-widget-image\" data-id=\"2fff8920\" data-element_type=\"widget\" data-e-type=\"widget\" data-widget_type=\"image.default\">\n\t\t\t\t\t\t\t\t\t\t\t\t\t\t\t<img decoding=\"async\" width=\"344\" height=\"90\" src=\"https:\/\/lp.oregoninvest.com.br\/cpt\/wp-content\/uploads\/2025\/12\/Camada_15.png\" class=\"attachment-full size-full wp-image-16\" alt=\"\" srcset=\"https:\/\/lp.oregoninvest.com.br\/cpt\/wp-content\/uploads\/2025\/12\/Camada_15.png 344w, https:\/\/lp.oregoninvest.com.br\/cpt\/wp-content\/uploads\/2025\/12\/Camada_15-300x78.png 300w\" sizes=\"(max-width: 344px) 100vw, 344px\" \/>\t\t\t\t\t\t\t\t\t\t\t\t\t\t\t<\/div>\n\t\t\t\t<div class=\"elementor-element elementor-element-4f9002d8 elementor-widget elementor-widget-spacer\" data-id=\"4f9002d8\" data-element_type=\"widget\" data-e-type=\"widget\" data-widget_type=\"spacer.default\">\n\t\t\t\t\t\t\t<div class=\"elementor-spacer\">\n\t\t\t<div class=\"elementor-spacer-inner\"><\/div>\n\t\t<\/div>\n\t\t\t\t\t\t<\/div>\n\t\t\t\t<div class=\"elementor-element elementor-element-119ae0cc elementor-widget elementor-widget-text-editor\" data-id=\"119ae0cc\" data-element_type=\"widget\" data-e-type=\"widget\" data-widget_type=\"text-editor.default\">\n\t\t\t\t\t\t\t\t\t<p>\ud83d\udd34 \u00daltimos hor\u00e1rios dispon\u00edveis<\/p>\t\t\t\t\t\t\t\t<\/div>\n\t\t\t\t<div class=\"elementor-element elementor-element-6a76c18d elementor-widget-mobile__width-initial elementor-widget elementor-widget-heading\" data-id=\"6a76c18d\" data-element_type=\"widget\" data-e-type=\"widget\" data-widget_type=\"heading.default\">\n\t\t\t\t\t<h2 class=\"elementor-heading-title elementor-size-default\">Plano de Revis\u00e3o de Carteira<\/span><\/h2>\t\t\t\t<\/div>\n\t\t\t\t<div class=\"elementor-element elementor-element-286f2a97 elementor-widget elementor-widget-text-editor\" data-id=\"286f2a97\" data-element_type=\"widget\" data-e-type=\"widget\" data-widget_type=\"text-editor.default\">\n\t\t\t\t\t\t\t\t\t<p>Receba uma <strong>segunda opini\u00e3o<\/strong> dos seus investimentos com estrat\u00e9gia de um verdadeiro especialista, PHD com 20 anos de viv\u00eancia no mercado financeiro.<\/p>\t\t\t\t\t\t\t\t<\/div>\n\t\t\t\t<div class=\"elementor-element elementor-element-454a0f1e botao elementor-align-left elementor-mobile-align-justify elementor-widget elementor-widget-button\" data-id=\"454a0f1e\" data-element_type=\"widget\" data-e-type=\"widget\" data-widget_type=\"button.default\">\n\t\t\t\t\t\t\t\t\t\t<a class=\"elementor-button elementor-button-link elementor-size-sm\" href=\"#elementor-action%3Aaction%3Dpopup%3Aopen%26settings%3DeyJpZCI6IjU2IiwidG9nZ2xlIjpmYWxzZX0%3D\">\n\t\t\t\t\t\t<span class=\"elementor-button-content-wrapper\">\n\t\t\t\t\t\t\t\t\t<span class=\"elementor-button-text\">Quero Opini\u00e3o de Um Especialista<\/span>\n\t\t\t\t\t<\/span>\n\t\t\t\t\t<\/a>\n\t\t\t\t\t\t\t\t<\/div>\n\t\t\t\t<\/div>\n\t\t<div class=\"elementor-element elementor-element-29a4b404 e-con-full e-flex e-con e-child\" data-id=\"29a4b404\" data-element_type=\"container\" data-e-type=\"container\">\n\t\t\t\t<div class=\"elementor-element elementor-element-6ebe98e0 elementor-widget elementor-widget-image\" data-id=\"6ebe98e0\" data-element_type=\"widget\" data-e-type=\"widget\" data-widget_type=\"image.default\">\n\t\t\t\t\t\t\t\t\t\t\t\t\t\t\t<img fetchpriority=\"high\" decoding=\"async\" width=\"1024\" height=\"768\" src=\"https:\/\/lp.oregoninvest.com.br\/cpt\/wp-content\/uploads\/2025\/12\/Sales-Pie-Chart-Graph.png\" class=\"attachment-full size-full wp-image-96\" alt=\"\" srcset=\"https:\/\/lp.oregoninvest.com.br\/cpt\/wp-content\/uploads\/2025\/12\/Sales-Pie-Chart-Graph.png 1024w, https:\/\/lp.oregoninvest.com.br\/cpt\/wp-content\/uploads\/2025\/12\/Sales-Pie-Chart-Graph-300x225.png 300w, https:\/\/lp.oregoninvest.com.br\/cpt\/wp-content\/uploads\/2025\/12\/Sales-Pie-Chart-Graph-768x576.png 768w\" sizes=\"(max-width: 1024px) 100vw, 1024px\" \/>\t\t\t\t\t\t\t\t\t\t\t\t\t\t\t<\/div>\n\t\t\t\t<\/div>\n\t\t\t\t<\/div>\n\t\t\t\t<\/div>\n\t\t\t\t\t<\/div>\n\t\t\t\t<\/div>\n\t\t<div class=\"elementor-element elementor-element-609aa439 e-flex e-con-boxed e-con e-parent\" data-id=\"609aa439\" data-element_type=\"container\" data-e-type=\"container\">\n\t\t\t\t\t<div class=\"e-con-inner\">\n\t\t<div class=\"elementor-element elementor-element-17209c3a e-con-full e-flex e-con e-child\" data-id=\"17209c3a\" data-element_type=\"container\" data-e-type=\"container\">\n\t\t\t\t<div class=\"elementor-element elementor-element-3a897852 elementor-widget-mobile__width-initial elementor-widget elementor-widget-heading\" data-id=\"3a897852\" data-element_type=\"widget\" data-e-type=\"widget\" data-widget_type=\"heading.default\">\n\t\t\t\t\t<h2 class=\"elementor-heading-title elementor-size-default\">Muito prazer, eu sou o @ProfessorVicenteGuimaraes<\/h2>\t\t\t\t<\/div>\n\t\t\t\t<div class=\"elementor-element elementor-element-7f1f5455 elementor-widget elementor-widget-text-editor\" data-id=\"7f1f5455\" data-element_type=\"widget\" data-e-type=\"widget\" data-widget_type=\"text-editor.default\">\n\t\t\t\t\t\t\t\t\t<p>Considerado um dos principais especialistas em investidos do Brasil, PHD em economia com 20 anos de experi\u00eancia no mercado financeiro e <strong>nessa revis\u00e3o individual vamos:<\/strong><\/p>\t\t\t\t\t\t\t\t<\/div>\n\t\t\t\t<div class=\"elementor-element elementor-element-4db09597 elementor-widget elementor-widget-image\" data-id=\"4db09597\" data-element_type=\"widget\" data-e-type=\"widget\" data-widget_type=\"image.default\">\n\t\t\t\t\t\t\t\t\t\t\t\t\t\t\t<img decoding=\"async\" width=\"1002\" height=\"636\" src=\"https:\/\/lp.oregoninvest.com.br\/cpt\/wp-content\/uploads\/2025\/12\/Designsemnome-2025-12-03T164110.977-ezgif.com-apng-to-avif-converter.avif\" class=\"attachment-full size-full wp-image-37\" alt=\"\" srcset=\"https:\/\/lp.oregoninvest.com.br\/cpt\/wp-content\/uploads\/2025\/12\/Designsemnome-2025-12-03T164110.977-ezgif.com-apng-to-avif-converter.avif 1002w, https:\/\/lp.oregoninvest.com.br\/cpt\/wp-content\/uploads\/2025\/12\/Designsemnome-2025-12-03T164110.977-ezgif.com-apng-to-avif-converter-300x190.avif 300w, https:\/\/lp.oregoninvest.com.br\/cpt\/wp-content\/uploads\/2025\/12\/Designsemnome-2025-12-03T164110.977-ezgif.com-apng-to-avif-converter-768x487.avif 768w\" sizes=\"(max-width: 1002px) 100vw, 1002px\" \/>\t\t\t\t\t\t\t\t\t\t\t\t\t\t\t<\/div>\n\t\t<div class=\"elementor-element elementor-element-1216faaf e-con-full e-flex e-con e-child\" data-id=\"1216faaf\" data-element_type=\"container\" data-e-type=\"container\" data-settings=\"{&quot;background_background&quot;:&quot;classic&quot;}\">\n\t\t<div class=\"elementor-element elementor-element-3484cdf4 e-con-full e-flex e-con e-child\" data-id=\"3484cdf4\" data-element_type=\"container\" data-e-type=\"container\">\n\t\t<div class=\"elementor-element elementor-element-76515852 e-con-full e-flex e-con e-child\" data-id=\"76515852\" data-element_type=\"container\" data-e-type=\"container\">\n\t\t\t\t<div class=\"elementor-element elementor-element-408bb919 elementor-widget elementor-widget-heading\" data-id=\"408bb919\" data-element_type=\"widget\" data-e-type=\"widget\" data-widget_type=\"heading.default\">\n\t\t\t\t\t<p class=\"elementor-heading-title elementor-size-default\">1. Fazer um Diagn\u00f3stico Completo da Carteira<\/p>\t\t\t\t<\/div>\n\t\t\t\t<\/div>\n\t\t<div class=\"elementor-element elementor-element-66b44bb8 e-con-full e-flex e-con e-child\" data-id=\"66b44bb8\" data-element_type=\"container\" data-e-type=\"container\">\n\t\t\t\t<div class=\"elementor-element elementor-element-705b2e57 elementor-widget elementor-widget-heading\" data-id=\"705b2e57\" data-element_type=\"widget\" data-e-type=\"widget\" data-widget_type=\"heading.default\">\n\t\t\t\t\t<p class=\"elementor-heading-title elementor-size-default\">Identificamos riscos, custos ocultos e conflitos de interesse que podem estar corroendo seus resultados e mostramos, com transpar\u00eancia, o que ningu\u00e9m mais mostra.<\/p>\t\t\t\t<\/div>\n\t\t\t\t<\/div>\n\t\t\t\t<\/div>\n\t\t<div class=\"elementor-element elementor-element-6f17bf6a e-con-full e-flex e-con e-child\" data-id=\"6f17bf6a\" data-element_type=\"container\" data-e-type=\"container\">\n\t\t<div class=\"elementor-element elementor-element-709c8a5d e-con-full e-flex e-con e-child\" data-id=\"709c8a5d\" data-element_type=\"container\" data-e-type=\"container\">\n\t\t\t\t<div class=\"elementor-element elementor-element-3c0b1120 elementor-widget elementor-widget-heading\" data-id=\"3c0b1120\" data-element_type=\"widget\" data-e-type=\"widget\" data-widget_type=\"heading.default\">\n\t\t\t\t\t<p class=\"elementor-heading-title elementor-size-default\">2. Montar uma Estrat\u00e9gia Personalizada e Independente<\/p>\t\t\t\t<\/div>\n\t\t\t\t<\/div>\n\t\t<div class=\"elementor-element elementor-element-357f9433 e-con-full e-flex e-con e-child\" data-id=\"357f9433\" data-element_type=\"container\" data-e-type=\"container\">\n\t\t\t\t<div class=\"elementor-element elementor-element-54edace6 elementor-widget elementor-widget-heading\" data-id=\"54edace6\" data-element_type=\"widget\" data-e-type=\"widget\" data-widget_type=\"heading.default\">\n\t\t\t\t\t<p class=\"elementor-heading-title elementor-size-default\">De acordo com seu perfil e objetivos, desenhamos uma estrat\u00e9gia sob medida, sem comiss\u00f5es de produtos financeiros ou interesses ocultos. O \u00fanico objetivo \u00e9 o seu patrim\u00f4nio crescer de forma consistente.<\/p>\t\t\t\t<\/div>\n\t\t\t\t<\/div>\n\t\t\t\t<\/div>\n\t\t<div class=\"elementor-element elementor-element-3769ba87 e-con-full e-flex e-con e-child\" data-id=\"3769ba87\" data-element_type=\"container\" data-e-type=\"container\">\n\t\t<div class=\"elementor-element elementor-element-e2685af e-con-full e-flex e-con e-child\" data-id=\"e2685af\" data-element_type=\"container\" data-e-type=\"container\">\n\t\t\t\t<div class=\"elementor-element elementor-element-19dce9bb elementor-widget elementor-widget-heading\" data-id=\"19dce9bb\" data-element_type=\"widget\" data-e-type=\"widget\" data-widget_type=\"heading.default\">\n\t\t\t\t\t<p class=\"elementor-heading-title elementor-size-default\">3. Criar um Novo Plano de Investimentos<\/p>\t\t\t\t<\/div>\n\t\t\t\t<\/div>\n\t\t<div class=\"elementor-element elementor-element-64ec6494 e-con-full e-flex e-con e-child\" data-id=\"64ec6494\" data-element_type=\"container\" data-e-type=\"container\">\n\t\t\t\t<div class=\"elementor-element elementor-element-5b8a938f elementor-widget elementor-widget-heading\" data-id=\"5b8a938f\" data-element_type=\"widget\" data-e-type=\"widget\" data-widget_type=\"heading.default\">\n\t\t\t\t\t<p class=\"elementor-heading-title elementor-size-default\">Voc\u00ea recebe um plano exclusivo, baseado em pr\u00e1ticas utilizadas no mercado americano, adaptado \u00e0 sua realidade no Brasil. Um modelo de consultoria independente que prioriza clareza, seguran\u00e7a e resultados sustent\u00e1veis.<\/p>\t\t\t\t<\/div>\n\t\t\t\t<\/div>\n\t\t\t\t<\/div>\n\t\t\t\t<\/div>\n\t\t\t\t<\/div>\n\t\t\t\t\t<\/div>\n\t\t\t\t<\/div>\n\t\t<div class=\"elementor-element elementor-element-61845cb e-flex e-con-boxed e-con e-parent\" data-id=\"61845cb\" data-element_type=\"container\" data-e-type=\"container\">\n\t\t\t\t\t<div class=\"e-con-inner\">\n\t\t<div class=\"elementor-element elementor-element-1a6e162e e-con-full e-flex e-con e-child\" data-id=\"1a6e162e\" data-element_type=\"container\" data-e-type=\"container\">\n\t\t<div class=\"elementor-element elementor-element-1173eb4 e-con-full e-flex e-con e-child\" data-id=\"1173eb4\" data-element_type=\"container\" data-e-type=\"container\">\n\t\t\t\t<div class=\"elementor-element elementor-element-6db40051 botao elementor-align-center elementor-widget__width-initial elementor-mobile-align-justify elementor-widget elementor-widget-button\" data-id=\"6db40051\" data-element_type=\"widget\" data-e-type=\"widget\" data-widget_type=\"button.default\">\n\t\t\t\t\t\t\t\t\t\t<a class=\"elementor-button elementor-button-link elementor-size-sm\" href=\"#elementor-action%3Aaction%3Dpopup%3Aopen%26settings%3DeyJpZCI6IjU2IiwidG9nZ2xlIjpmYWxzZX0%3D\">\n\t\t\t\t\t\t<span class=\"elementor-button-content-wrapper\">\n\t\t\t\t\t\t\t\t\t<span class=\"elementor-button-text\">Quero Opini\u00e3o de Um Especialista<\/span>\n\t\t\t\t\t<\/span>\n\t\t\t\t\t<\/a>\n\t\t\t\t\t\t\t\t<\/div>\n\t\t\t\t<div class=\"elementor-element elementor-element-679353f7 elementor-widget__width-initial scroll-bottom elementor-widget elementor-widget-heading\" data-id=\"679353f7\" data-element_type=\"widget\" data-e-type=\"widget\" data-widget_type=\"heading.default\">\n\t\t\t\t\t<p class=\"elementor-heading-title elementor-size-default\">Se cada um desses itens fosse vendido separadamente o investimento seria <span style=\"color:#E00227\">MUITO ALTO!<\/span><\/p>\t\t\t\t<\/div>\n\t\t\t\t<div class=\"elementor-element elementor-element-29a974f5 elementor-widget__width-initial scroll-bottom elementor-widget elementor-widget-heading\" data-id=\"29a974f5\" data-element_type=\"widget\" data-e-type=\"widget\" data-widget_type=\"heading.default\">\n\t\t\t\t\t<p class=\"elementor-heading-title elementor-size-default\">Mas voc\u00ea vai ter acesso gratuito e descobrir como transformar sua carteira com <span style=\"font-weight:600\">uma estrat\u00e9gia s\u00f3lida de longo prazo com a mesma clareza e independ\u00eancia:<\/span> que aplicamos ao acompanhar centenas de milh\u00f5es em patrim\u00f4nio no Brasil e nos EUA.<\/p>\t\t\t\t<\/div>\n\t\t\t\t<\/div>\n\t\t\t\t<\/div>\n\t\t\t\t\t<\/div>\n\t\t\t\t<\/div>\n\t\t<div class=\"elementor-element elementor-element-4f38deea e-flex e-con-boxed e-con e-parent\" data-id=\"4f38deea\" data-element_type=\"container\" data-e-type=\"container\" data-settings=\"{&quot;background_background&quot;:&quot;classic&quot;}\">\n\t\t\t\t\t<div class=\"e-con-inner\">\n\t\t<div class=\"elementor-element elementor-element-3959f7af e-con-full e-flex e-con e-child\" data-id=\"3959f7af\" data-element_type=\"container\" data-e-type=\"container\">\n\t\t<div class=\"elementor-element elementor-element-7e6b1bef e-con-full e-flex e-con e-child\" data-id=\"7e6b1bef\" data-element_type=\"container\" data-e-type=\"container\">\n\t\t<div class=\"elementor-element elementor-element-67d3c6a1 e-con-full e-flex e-con e-child\" data-id=\"67d3c6a1\" data-element_type=\"container\" data-e-type=\"container\">\n\t\t\t\t<div class=\"elementor-element elementor-element-2352b765 elementor-widget-mobile__width-initial elementor-widget elementor-widget-heading\" data-id=\"2352b765\" data-element_type=\"widget\" data-e-type=\"widget\" data-widget_type=\"heading.default\">\n\t\t\t\t\t<h2 class=\"elementor-heading-title elementor-size-default\">Uma conversa independente e transparente vale mais que 10 recomenda\u00e7\u00f5es gen\u00e9ricas.<\/span><\/h2>\t\t\t\t<\/div>\n\t\t\t\t<div class=\"elementor-element elementor-element-137e5c7f elementor-widget__width-initial scroll-bottom elementor-widget elementor-widget-heading\" data-id=\"137e5c7f\" data-element_type=\"widget\" data-e-type=\"widget\" data-widget_type=\"heading.default\">\n\t\t\t\t\t<p class=\"elementor-heading-title elementor-size-default\">Um estudo da SmartAsset analisou o efeito de uma consultoria financeira ao longo da vida de um investidor. No exemplo, um clientes de 45 anos, com diferentes n\u00edveis de patrim\u00f4nio inicial, \u00e9 acompanhado at\u00e9 a aposentadoria. <span style=\"color:#076500\"><b>Em todos os cen\u00e1rios, o cliente termina com mais dinheiro ao longo da vida.<\/b><\/p>\t\t\t\t<\/div>\n\t\t\t\t<\/div>\n\t\t<div class=\"elementor-element elementor-element-6f394512 e-con-full e-flex e-con e-child\" data-id=\"6f394512\" data-element_type=\"container\" data-e-type=\"container\">\n\t\t\t\t<div class=\"elementor-element elementor-element-2e3e2b25 elementor-widget elementor-widget-image\" data-id=\"2e3e2b25\" data-element_type=\"widget\" data-e-type=\"widget\" data-widget_type=\"image.default\">\n\t\t\t\t\t\t\t\t\t\t\t\t\t\t\t<img loading=\"lazy\" decoding=\"async\" width=\"1000\" height=\"500\" src=\"https:\/\/lp.oregoninvest.com.br\/cpt\/wp-content\/uploads\/2025\/12\/new-of-checkout-13.png\" class=\"attachment-full size-full wp-image-97\" alt=\"\" srcset=\"https:\/\/lp.oregoninvest.com.br\/cpt\/wp-content\/uploads\/2025\/12\/new-of-checkout-13.png 1000w, https:\/\/lp.oregoninvest.com.br\/cpt\/wp-content\/uploads\/2025\/12\/new-of-checkout-13-300x150.png 300w, https:\/\/lp.oregoninvest.com.br\/cpt\/wp-content\/uploads\/2025\/12\/new-of-checkout-13-768x384.png 768w\" sizes=\"(max-width: 1000px) 100vw, 1000px\" \/>\t\t\t\t\t\t\t\t\t\t\t\t\t\t\t<\/div>\n\t\t\t\t<\/div>\n\t\t\t\t<\/div>\n\t\t\t\t<\/div>\n\t\t\t\t\t<\/div>\n\t\t\t\t<\/div>\n\t\t<div class=\"elementor-element elementor-element-e683ffa e-flex e-con-boxed e-con e-parent\" data-id=\"e683ffa\" data-element_type=\"container\" data-e-type=\"container\" data-settings=\"{&quot;background_background&quot;:&quot;classic&quot;}\">\n\t\t\t\t\t<div class=\"e-con-inner\">\n\t\t<div class=\"elementor-element elementor-element-1460b468 e-con-full e-flex e-con e-child\" data-id=\"1460b468\" data-element_type=\"container\" data-e-type=\"container\" data-settings=\"{&quot;background_background&quot;:&quot;classic&quot;}\">\n\t\t<div class=\"elementor-element elementor-element-6a19de96 e-con-full e-flex e-con e-child\" data-id=\"6a19de96\" data-element_type=\"container\" data-e-type=\"container\">\n\t\t\t\t<div class=\"elementor-element elementor-element-71d4a75d elementor-widget elementor-widget-heading\" data-id=\"71d4a75d\" data-element_type=\"widget\" data-e-type=\"widget\" data-widget_type=\"heading.default\">\n\t\t\t\t\t<p class=\"elementor-heading-title elementor-size-default\">Oregon Invest \u00a92026<\/p>\t\t\t\t<\/div>\n\t\t\t\t<div class=\"elementor-element elementor-element-263d575 elementor-widget elementor-widget-heading\" data-id=\"263d575\" data-element_type=\"widget\" data-e-type=\"widget\" data-widget_type=\"heading.default\">\n\t\t\t\t\t<p class=\"elementor-heading-title elementor-size-default\">Todos os direitos reservados<\/p>\t\t\t\t<\/div>\n\t\t\t\t<div class=\"elementor-element elementor-element-4371f28b elementor-widget elementor-widget-heading\" data-id=\"4371f28b\" data-element_type=\"widget\" data-e-type=\"widget\" data-widget_type=\"heading.default\">\n\t\t\t\t\t<p class=\"elementor-heading-title elementor-size-default\">CNPJ: 61.080.304\/0001-09\n<br>\nAV Brasilia, 204, APT 302, Vila Ipiranga, Porto Alegre, RS\/Brasil. CEP: 91.370.140<\/p>\t\t\t\t<\/div>\n\t\t\t\t<\/div>\n\t\t<div class=\"elementor-element elementor-element-28f7b9e5 e-con-full e-flex e-con e-child\" data-id=\"28f7b9e5\" data-element_type=\"container\" data-e-type=\"container\">\n\t\t\t\t<div class=\"elementor-element elementor-element-78e2f8d9 elementor-widget elementor-widget-image\" data-id=\"78e2f8d9\" data-element_type=\"widget\" data-e-type=\"widget\" data-widget_type=\"image.default\">\n\t\t\t\t\t\t\t\t\t\t\t\t\t\t\t<img loading=\"lazy\" decoding=\"async\" width=\"128\" height=\"68\" src=\"https:\/\/lp.oregoninvest.com.br\/cpt\/wp-content\/uploads\/2025\/12\/327430ec-5865-4733-afa0-98ea1e89d1ad.avif\" class=\"attachment-large size-large wp-image-40\" alt=\"\" \/>\t\t\t\t\t\t\t\t\t\t\t\t\t\t\t<\/div>\n\t\t\t\t<div class=\"elementor-element elementor-element-421bcc01 elementor-widget elementor-widget-heading\" data-id=\"421bcc01\" data-element_type=\"widget\" data-e-type=\"widget\" data-widget_type=\"heading.default\">\n\t\t\t\t\t<p class=\"elementor-heading-title elementor-size-default\">Credenciada e especializada em consultoria de investimentos, comprometida em oferecer solu\u00e7\u00f5es personalizadas e inteligentes para quem busca seguran\u00e7a, rentabilidade e tranquilidade na gest\u00e3o do seu patrim\u00f4nio.\n<\/p>\t\t\t\t<\/div>\n\t\t\t\t<\/div>\n\t\t\t\t<\/div>\n\t\t\t\t\t<\/div>\n\t\t\t\t<\/div>\n\t\t<div class=\"elementor-element elementor-element-7b7aea91 e-flex e-con-boxed e-con e-parent\" data-id=\"7b7aea91\" data-element_type=\"container\" data-e-type=\"container\">\n\t\t\t\t\t<div class=\"e-con-inner\">\n\t\t\t\t<div class=\"elementor-element elementor-element-67f49632 elementor-widget elementor-widget-heading\" data-id=\"67f49632\" data-element_type=\"widget\" data-e-type=\"widget\" data-widget_type=\"heading.default\">\n\t\t\t\t\t<h2 class=\"elementor-heading-title elementor-size-default\">Todos os direitos reservados.<\/h2>\t\t\t\t<\/div>\n\t\t\t\t\t<\/div>\n\t\t\t\t<\/div>\n\t\t\t\t<\/div>\n\t\t","protected":false},"excerpt":{"rendered":"<p>\ud83d\udd34 \u00daltimos hor\u00e1rios dispon\u00edveis Plano de Revis\u00e3o de Carteira Receba uma segunda opini\u00e3o dos seus investimentos com estrat\u00e9gia de um verdadeiro especialista, PHD com 20 anos de viv\u00eancia no mercado financeiro. Quero Opini\u00e3o de Um Especialista Muito prazer, eu sou o @ProfessorVicenteGuimaraes Considerado um dos principais especialistas em investidos do Brasil, PHD em economia com [&hellip;]<\/p>\n","protected":false},"author":1,"featured_media":0,"parent":0,"menu_order":0,"comment_status":"closed","ping_status":"closed","template":"elementor_canvas","meta":{"content-type":"","footnotes":""},"class_list":["post-94","page","type-page","status-publish","hentry"],"_links":{"self":[{"href":"https:\/\/lp.oregoninvest.com.br\/cpt\/wp-json\/wp\/v2\/pages\/94","targetHints":{"allow":["GET"]}}],"collection":[{"href":"https:\/\/lp.oregoninvest.com.br\/cpt\/wp-json\/wp\/v2\/pages"}],"about":[{"href":"https:\/\/lp.oregoninvest.com.br\/cpt\/wp-json\/wp\/v2\/types\/page"}],"author":[{"embeddable":true,"href":"https:\/\/lp.oregoninvest.com.br\/cpt\/wp-json\/wp\/v2\/users\/1"}],"replies":[{"embeddable":true,"href":"https:\/\/lp.oregoninvest.com.br\/cpt\/wp-json\/wp\/v2\/comments?post=94"}],"version-history":[{"count":13,"href":"https:\/\/lp.oregoninvest.com.br\/cpt\/wp-json\/wp\/v2\/pages\/94\/revisions"}],"predecessor-version":[{"id":1121,"href":"https:\/\/lp.oregoninvest.com.br\/cpt\/wp-json\/wp\/v2\/pages\/94\/revisions\/1121"}],"wp:attachment":[{"href":"https:\/\/lp.oregoninvest.com.br\/cpt\/wp-json\/wp\/v2\/media?parent=94"}],"curies":[{"name":"wp","href":"https:\/\/api.w.org\/{rel}","templated":true}]}}